 - 0)*(n - -11).
2, 3
Suppose n + 19 = -3*g, 3*g + 4*n + 20 = 2*n. List the prime factors of 10 + (-4 - g/2).
3
Suppose -2*f - 14 + 40 = 0. Let s = -25 + f. What are the prime factors of (6/s)/(2/(-68))?
17
Let f be (-450)/4*(-18)/27. Suppose 23 = -i + f. What are the prime factors of i?
2, 13
Suppose 0 = 2*z - 6*z + 24. List the prime factors of (-106)/(-3)*z/4.
53
Suppose 0 = -o - 4, 6 = -4*w + 3*o - 14. Let i(s) = s + 10. Let n be i(w). Suppose 0 = -0*d - 5*d - 15, -n*h + 62 = 2*d. What are the prime factors of h?
2, 17
Suppose 5*h + 3126 = 9*h - 2*i, 4*i = 5*h - 3915. List the prime factors of h.
19, 41
Let x(r) be the first derivative of 2*r**3/3 + 3*r**2/2 - 2*r - 3. Let n be (14/(-6) + 2)*-9. List the prime factors of x(n).
5
Suppose -12*q + 15114 = -1734. What are the prime factors of q?
2, 3, 13
Suppose 0*n - 2*s = -n + 857, -5*n = -2*s - 4285. List the prime factors of n.
857
Let g be (-16)/(5/((-20)/8)). Let k be g/(-14) + 1332/28. Suppose -k = d - 2*d + 4*m, 0 = -4*d + 2*m + 118. List the prime factors of d.
3
Suppose -26*z = -50*z + 29160. List the prime factors of z.
3, 5
Let h be (-15)/(-10) + 3 + (-2)/(-4). Suppose -h*m + 72 = -153. What are the prime factors of m?
3, 5
Let z = -17 - -84. Let v = 118 - z. List the prime factors of v.
3, 17
Let y(r) be the second derivative of -13/6*r**3 + 2*r**2 + 0 + 3*r - 1/12*r**4. What are the prime factors of y(-12)?
2
Let b = 104 + -107. What are the prime factors of 217 + (b - (-4 + 5))?
3, 71
Let q(j) = -12*j**3 - 9*j**2 - 5*j - 1. What are the prime factors of q(-3)?
257
Let w = 399 - 144. What are the prime factors of w?
3, 5, 17
What are the prime factors of (-21)/((-1)/((-660)/(-9) + -1))?
7, 31
Let i be 6/2 - (-3 + 4). Suppose 272 = 2*a + i*a. Suppose 4*s + a = 6*s. What are the prime factors of s?
2, 17
Let q = -299 - -985. What are the prime factors of q?
2, 7
Suppose -102*g + 106*g - 1284 = 0. List the prime factors of g.
3, 107
Suppose 2*m - 8 = -4*f - 52, -3*f = -2*m + 47. Let r = -9 - f. Suppose -4*o = -r*a - 8, -3*a + 1 = -o + a. List the prime factors of o.
3
Let d(h) = h**2 - h - 36. Let c be d(0). Let a = c - -100. List the prime factors of a.
2
Let g(v) = 12*v - 115. Let r be g(10). Suppose x - 3*b + 311 = 3*x, 5*b - 321 = -2*x. Suppose -r*m + 3*m + x = 0. What are the prime factors of m?
2, 37
Let x be 8/(-1)*(-2)/4 - 1. Suppose 3*q + 6 = -2*s + 27, 4*q = -x*s + 34. List the prime factors of s.
2, 3
Suppose -25 = 4*b + 3*r - 2, -4*b - 5*r - 17 = 0. Let s be (-9)/(-5)*(-450)/(-54). Let h = b + s. List the prime factors of h.
7
Let w(l) = l**3 - 35*l**2 - 80*l + 63. List the prime factors of w(40).
3, 1621
Suppose 5*j = -14 - 11, 5*s - 5*j = 3540. Suppose f - s + 10 = -3*l, -4*l = -3*f - 924. What are the prime factors of l?
3, 7, 11
Suppose -o - 720 = -3*o - 5*z, 3*o = 5*z + 1130. List the prime factors of o.
2, 5, 37
Suppose 59830 = 38*c + 14724. What are the prime factors of c?
1187
Let m(o) = 2*o**3 - 12*o**2 - 2*o + 15. Let c be m(8). Let k = -105 + c. List the prime factors of k.
2, 3, 5
Let j(x) = 265*x + 10. List the prime factors of j(4).
2, 5, 107
Let m(b) = -b**3 + 5*b**2 - 3*b + 2. Let x be (-30)/(-7) - (-4)/(-14). Let r be m(x). Let u(p) = -p**3 + 7*p**2 + 2*p + 2. List the prime factors of u(r).
2, 5
Let f(x) = x**3 + 10*x**2 - 15*x - 3. Let v be f(-11). Let s = v + 31. What are the prime factors of s?
2, 3
Suppose -5*v - q = 13 - 50, 2*v - 24 = -5*q. Let k(a) = -a**2 + 19*a - 20. List the prime factors of k(v).
2
Let d be 2 + 3 + -2 - 0. Suppose 12*y - d*y - 18 = 0. What are the prime factors of y?
2
Suppose 0 = 2*o - 6, -5*o + 0 = -4*w - 7. Suppose -5*a = -d - 216, -w*a - 5*d + 97 + 11 = 0. What are the prime factors of a?
2, 11
Let m = 9 - 4. Suppose -9*k = -m*k - 272. Suppose 0 = -3*s + s + k. What are the prime factors of s?
2, 17
Let c = -1457 + 2296. What are the prime factors of c?
839
Let v(g) = -g + 74. Suppose 9*b = 8*b. Let h be v(b). Suppose -h = -o - o. List the prime factors of o.
37
Let u = -197 + 99. List the prime factors of (u/(-56))/(2/32).
2, 7
List the prime factors of ((-12)/(-21))/(32/212464).
2, 7, 271
Suppose -4*t - 634 = -2*n, 4*n - 589 = -5*t + 666. Suppose 4*d + n = 11*d. List the prime factors of d.
3, 5
Suppose 3*i - 17337 = -2*i + 4*c, -i + 3477 = -4*c. List the prime factors of i.
3, 5, 7, 11
Let w be (2/(-4))/(5/(-50)). Let m be (-2 + 4)*(-1)/2. List the prime factors of 21 + (m - (w + -2)).
17
Let j(g) = 3*g**3 + 18 - 4*g**2 + 2*g + 2 - 4*g**3. What are the prime factors of j(-6)?
2, 5
Suppose 13*g = -1 + 27. Suppose -146 = -8*h + 5*h - 5*r, g*r + 160 = 3*h. List the prime factors of h.
2, 13
Suppose b - 4 = 73. Suppose -155 = -4*q + b. Let z = q + 15. List the prime factors of z.
73
Let v(x) = -606*x + 6. List the prime factors of v(-1).
2, 3, 17
Let r = 26 - 41. Let a = -12 - r. Suppose a*u - 100 = u. What are the prime factors of u?
2, 5
List the prime factors of (-13)/((-819)/14) - (-1726)/9.
2, 3
Let k = -4 + 6. Suppose -k*g - 1 = -c + 18, 3*c + 2*g = 89. List the prime factors of c.
3
Let l(k) = -15*k + 7. Let a be l(1). Let m(p) be the third derivative of p**6/120 + 7*p**5/60 - 3*p**4/8 + p**3/3 - p**2. List the prime factors of m(a).
2, 5
Suppose 2*j - 2 = 3*b + 13, -3*j = -9. Let a = b - -6. Suppose 2*k + a*k = 65. What are the prime factors of k?
13
Let k(t) = 26*t**2 - 4*t - 59. List the prime factors of k(-6).
17, 53
Let p be (1008/12)/((-4)/(-22)). Suppose 616 = 4*g - 5*f, -3*g - 3*f = -0*f - p. List the prime factors of g.
2, 7, 11
What are the prime factors of (-1 + 7)*(-21909)/(-134)?
3, 109
Let j = -78 + -34. Let y = 194 + j. Suppose c + 0*v = -4*v + 59, 2*c = 4*v + y. List the prime factors of c.
47
Let i = -269 + 472. What are the prime factors of i?
7, 29
Let n(a) = -13*a + 24. Let c be n(-7). Let t = c + -63. What are the prime factors of t?
2, 13
Let i = -645 - -1076. Suppose -5*o - 146 + i = 0. List the prime factors of o.
3, 19
Suppose -64 = x - 5*z, 5*z = -5*x - 49 - 391. List the prime factors of 60/(-9)*x/35.
2
Let g(t) = 2*t**2 - 18. Let x be g(0). Let z be x/4*(-2)/(-3). Let y = 7 + z. What are the prime factors of y?
2
Let t = 321 + 14. Suppose -3*o - t = 2*o. Let q = -16 - o. List the prime factors of q.
3, 17
Suppose 4*q - q - 2*t - 1920 = 0, 0 = -q - t + 645. List the prime factors of q.
2, 3, 107
Let p(j) = -j**3 + 3*j**2 - j - 4. Let f be p(3). Let n(y) = -5*y - 7. Let r(w) = 2*w + 4. Let b(t) = f*r(t) - 3*n(t). List the prime factors of b(11).
2
Let a = 9692 + -6820. List the prime factors of a.
2, 359
Suppose 10977 - 582 = 5*w. List the prime factors of w.
3, 7, 11
Let s = -263 - -546. What are the prime factors of s?
283
List the prime factors of ((-297)/(-6) + 1)/((-2)/(-4)).
101
Suppose s - 6 = -r, 0*r - 2*s = -2*r. Let i = 17 - r. What are the prime factors of i?
2, 7
Suppose 2*j = -h + 9, 5*j - 5 - 15 = -2*h. Suppose 0 = h*v - 4*v - 51. What are the prime factors of v?
3, 17
Suppose 0*f + 7*f = 14. Suppose 0 = f*o - 141 + 19. What are the prime factors of o?
61
Let f = -15 - -5. Let y be ((-84)/f)/(4/10). Suppose -4 - y = -z. What are the prime factors of z?
5
Let u be (-6)/(-14) + 3945/105. Let z be (-26)/(-2) - 0 - 1. Suppose -k = z - u. What are the prime factors of k?
2, 13
Let t(o) be the third derivative of o**5/10 - o**4/24 - 3*o**3 - 34*o**2. What are the prime factors of t(5)?
127
Suppose -3*m + 771 = -2*d, -3*m + m + 2*d = -512. List the prime factors of m.
7, 37
Suppose 22 = 5*a - g - g, 4*g = -3*a + 8. Let x(o) = -5*o**2 + o**2 + o**3 - 6 + 0 + 5*o. What are the prime factors of x(a)?
2, 7
Suppose -43*a = -39*a - 12292. List the prime factors of a.
7, 439
Let k be (3/(-2))/((-6)/(-56)). Suppose 0 = -2*h + h - 2*d + 5, -4 = 2*h - 3*d. List the prime factors of ((-133)/k)/(h/2).
19
Suppose 0*z = -5*c + 4*z - 17, -2*c = -4*z + 14. List the prime factors of c - -3 - ((-4)/(-2) + -37).
37
Suppose -15 = 4*g - 187. Let s be 3/2*4/6 + 284. Suppose -u + 101 = 5*b, -s - g = -4*u - b. What are the prime factors of u?
3
Let m = -5 + 7. Suppose -2*f = -2*a - m, 5*a + 0 = 3*f + 1. Suppose 26 = a*u - 34. What are the prime factors of u?
2, 3, 5
Let w = 13 - 17. Let p(c) = c + 6. Let z be p(w). Let g(r) = 7*r + 1. List the prime factors of g(z).
3, 5
Let j(d) be the second derivati